{"id":91,"date":"2025-05-02T18:02:58","date_gmt":"2025-05-02T16:02:58","guid":{"rendered":"https:\/\/cartodesluttes.fr\/?page_id=91"},"modified":"2025-06-19T19:04:31","modified_gmt":"2025-06-19T17:04:31","slug":"la-carte","status":"publish","type":"page","link":"https:\/\/cartodesluttes.fr\/","title":{"rendered":"La carte"},"content":{"rendered":"\n<p>Cette carte rend visible la richesse d\u2019une partie du paysage militant actuel \u2013 et invite tout d\u2019abord \u00e0 s\u2019en r\u00e9jouir. Inspir\u00e9e de l\u2019ouvrage Strat\u00e9gies anticapitalistes au XXIe si\u00e8cle d\u2019Erik Olin Wright, elle incite \u00e0 faire un pas de c\u00f4t\u00e9 pour r\u00e9fl\u00e9chir \u00e0 nos liens et nos forces afin de sortir de notre impuissance politique. Elle place au centre des pr\u00e9occupations la question de la strat\u00e9gie qui, dans l\u2019urgence de nos quotidiens individuels et collectifs, a tendance \u00e0 \u00eatre grandement oubli\u00e9e. En \u00e9clairant des proximit\u00e9s et des int\u00e9r\u00eats communs entre des organisations qui ne les auraient peut-\u00eatre pas pens\u00e9s comme tels, d\u2019\u00e9ventuelles alliances semblent possibles. Sortir des divisions internes et du dogmatisme pour faire l\u2019effort de penser la compl\u00e9mentarit\u00e9 de ces formes de r\u00e9sistance, construire des rapports de force et gagner des batailles : voil\u00e0 notre ambition !<\/p>\n\n\n\n<p>Loin d\u2019\u00e9tablir une v\u00e9rit\u00e9 fig\u00e9e, le placement des collectifs, moyens d\u2019actions, la nomination des tactiques et strat\u00e9gies est le fruit d\u2019une \u00e9laboration collective, de plusieurs mois de rencontres et pr\u00e9sentations. Plut\u00f4t que de se concentrer sur les discours et id\u00e9ologies des organisations, c\u2019est en se basant sur leurs pratiques principales, que cette constellation a \u00e9t\u00e9 con\u00e7ue. Elle est \u00e9videmment non exhaustive et s\u2019appuie sur le contexte de la France hexagonale en 2024, en exemplifiant \u00e0 \u00e9chelle locale principalement \u00e0 partir des  paysages militants du Sud de la France. Cette cartographie se veut plut\u00f4t comme un outil d\u2019\u00e9ducation populaire \u00e9volutif pour r\u00e9fl\u00e9chir seul\u00b7e ou \u00e0 plusieurs \u00e0 ses espaces d\u2019engagement, \u00e0 remettre la strat\u00e9gie au c\u0153ur des discussions entre camarades : libre \u00e0 vous d\u2019en d\u00e9battre, de l\u2019actualiser et de vous l\u2019approprier !<\/p>\n\n\n\n<figure class=\"wp-block-image alignfull size-full\"><img decoding=\"async\" src=\"https:\/\/cartodesluttes.fr\/wp-content\/uploads\/2025\/05\/ContreLEmpire_site.png\" alt=\"\" class=\"wp-image-55\"\/><\/figure>\n\n\n\n<div class=\"wp-block-buttons is-content-justification-center is-layout-flex wp-container-core-buttons-is-layout-a89b3969 wp-block-buttons-is-layout-flex\">\n<div class=\"wp-block-button\"><a class=\"wp-block-button__link wp-element-button\" href=\"https:\/\/cartodesluttes.fr\/wp-content\/uploads\/2025\/05\/ContreLEmpire_site.pdf\">t\u00e9l\u00e9charger la carte en PDf<\/a><\/div>\n<\/div>\n","protected":false},"excerpt":{"rendered":"<p>Cette carte rend visible la richesse d\u2019une partie du paysage militant actuel \u2013 et invite tout d\u2019abord \u00e0 s\u2019en r\u00e9jouir. Inspir\u00e9e de l\u2019ouvrage Strat\u00e9gies anticapitalistes au XXIe si\u00e8cle d\u2019Erik Olin Wright, elle incite \u00e0 faire un pas de c\u00f4t\u00e9 pour r\u00e9fl\u00e9chir \u00e0 nos liens et nos forces afin de sortir de notre impuissance politique. Elle [&hellip;]<\/p>\n","protected":false},"author":1,"featured_media":0,"parent":0,"menu_order":0,"comment_status":"closed","ping_status":"closed","template":"","meta":{"footnotes":""},"class_list":["post-91","page","type-page","status-publish"],"_links":{"self":[{"href":"https:\/\/cartodesluttes.fr\/index.php\/wp-json\/wp\/v2\/page\/91","targetHints":{"allow":["GET"]}}],"collection":[{"href":"https:\/\/cartodesluttes.fr\/index.php\/wp-json\/wp\/v2\/page"}],"about":[{"href":"https:\/\/cartodesluttes.fr\/index.php\/wp-json\/wp\/v2\/types\/page"}],"author":[{"embeddable":true,"href":"https:\/\/cartodesluttes.fr\/index.php\/wp-json\/wp\/v2\/users\/1"}],"replies":[{"embeddable":true,"href":"https:\/\/cartodesluttes.fr\/index.php\/wp-json\/wp\/v2\/comments?post=91"}],"version-history":[{"count":4,"href":"https:\/\/cartodesluttes.fr\/index.php\/wp-json\/wp\/v2\/page\/91\/revisions"}],"predecessor-version":[{"id":141,"href":"https:\/\/cartodesluttes.fr\/index.php\/wp-json\/wp\/v2\/page\/91\/revisions\/141"}],"wp:attachment":[{"href":"https:\/\/cartodesluttes.fr\/index.php\/wp-json\/wp\/v2\/media?parent=91"}],"curies":[{"name":"wp","href":"https:\/\/api.w.org\/{rel}","templated":true}]}}

<p>Cette carte rend visible la richesse d’une partie du paysage militant actuel – et invite tout d’abord à s’en réjouir. Inspirée de l’ouvrage Stratégies anticapitalistes au XXIe siècle d’Erik Olin Wright, elle incite à faire un pas de côté pour réfléchir à nos liens et nos forces afin de sortir de notre impuissance politique. Elle place au centre des préoccupations la question de la stratégie qui, dans l’urgence de nos quotidiens individuels et collectifs, a tendance à être grandement oubliée. En éclairant des proximités et des intérêts communs entre des organisations qui ne les auraient peut-être pas pensés comme tels, d’éventuelles alliances semblent possibles. Sortir des divisions internes et du dogmatisme pour faire l’effort de penser la complémentarité de ces formes de résistance, construire des rapports de force et gagner des batailles : voilà notre ambition !</p>



<p>Loin d’établir une vérité figée, le placement des collectifs, moyens d’actions, la nomination des tactiques et stratégies est le fruit d’une élaboration collective, de plusieurs mois de rencontres et présentations. Plutôt que de se concentrer sur les discours et idéologies des organisations, c’est en se basant sur leurs pratiques principales, que cette constellation a été conçue. Elle est évidemment non exhaustive et s’appuie sur le contexte de la France hexagonale en 2024, en exemplifiant à échelle locale principalement à partir des  paysages militants du Sud de la France. Cette cartographie se veut plutôt comme un outil d’éducation populaire évolutif pour réfléchir seul·e ou à plusieurs à ses espaces d’engagement, à remettre la stratégie au cœur des discussions entre camarades : libre à vous d’en débattre, de l’actualiser et de vous l’approprier !</p>



<figure class="wp-block-image alignfull size-full"><img decoding="async" src="https://cartodesluttes.fr/wp-content/uploads/2025/05/ContreLEmpire_site.png" alt="" class="wp-image-55"/></figure>



<div class="wp-block-buttons is-content-justification-center is-layout-flex wp-container-core-buttons-is-layout-a89b3969 wp-block-buttons-is-layout-flex">
<div class="wp-block-button"><a class="wp-block-button__link wp-element-button" href="https://cartodesluttes.fr/wp-content/uploads/2025/05/ContreLEmpire_site.pdf">télécharger la carte en PDf</a></div>
</div>

<p>Cette carte rend visible la richesse d’une partie du paysage militant actuel – et invite tout d’abord à s’en réjouir. Inspirée de l’ouvrage Stratégies anticapitalistes au XXIe siècle d’Erik Olin Wright, elle incite à faire un pas de côté pour réfléchir à nos liens et nos forces afin de sortir de notre impuissance politique. Elle [&hellip;]</p>
